{"id":722,"date":"2019-08-01T19:14:24","date_gmt":"2019-08-01T17:14:24","guid":{"rendered":"http:\/\/rau.kundendemo.com\/?page_id=722"},"modified":"2020-06-02T12:29:01","modified_gmt":"2020-06-02T10:29:01","slug":"palvelut","status":"publish","type":"page","link":"https:\/\/rau.de\/fi\/palvelut\/","title":{"rendered":"Palvelut"},"content":{"rendered":"<section class=\"l-section wpb_row height_medium full_height valign_center with_img\" id=\"kontakt\"><div class=\"l-section-img\" role=\"img\" data-img-width=\"2000\" data-img-height=\"1122\" style=\"background-image: url(https:\/\/rau.de\/wp-content\/uploads\/bg.jpg);\"><\/div><div class=\"l-section-h i-cf\"><div class=\"g-cols vc_row via_flex valign_top type_default stacking_default\"><div class=\"vc_col-sm-12 wpb_column vc_column_container\"><div class=\"vc_column-inner\"><div class=\"wpb_wrapper\"><div class=\"g-cols wpb_row content_top via_flex valign_top type_default stacking_default\"><div class=\"vc_col-sm-12 wpb_column vc_column_container\"><div class=\"vc_column-inner\"><div class=\"wpb_wrapper\"><h1 class=\"w-post-elm post_title entry-title color_link_inherit\">Palvelut<\/h1><\/div><\/div><\/div><\/div><div class=\"g-cols wpb_row us_custom_4fb9e5a3 content_text via_flex valign_top type_default stacking_default\"><div class=\"vc_col-sm-8 wpb_column vc_column_container\"><div class=\"vc_column-inner\"><div class=\"wpb_wrapper\"><div class=\"wpb_text_column mb-30\"><div class=\"wpb_wrapper\"><h2>Neuvonta<\/h2>\n<p>Haluatko enemm\u00e4n \u00e4\u00e4nett\u00f6myytt\u00e4? Puhtautta? Tehokkuutta? Vihreytt\u00e4? RAUn ty\u00f6ntekij\u00e4t ja sopimussuhteiset insin\u00f6\u00f6rit kuuntelevat, katsastavat, analysoivat ja tarjoavat kattavaa ja p\u00e4tev\u00e4\u00e4 neuvontaa. He selvitt\u00e4v\u00e4t sinulle ratkaisut kaikkiin kysymyksiin omien vaatimustesi ja ymp\u00e4rist\u00f6n n\u00e4k\u00f6kulmasta. Yhdess\u00e4 RAUn kanssa l\u00e4hes kaikki on mahdollista melusuojauksen alueella. Tule vain meid\u00e4n luoksemme.<\/p>\n<h2>Asiakaspalvelu<\/h2>\n<p>Jotta p\u00e4\u00e4sisit v\u00e4hemm\u00e4ll\u00e4 hoidolla &#8211; ja vapautuisit huoltopalveluista, k\u00e4ytett\u00e4viss\u00e4si on yksi tai useampi alueellasi palveleva huoltotiimi.<\/p>\n<h2>Suunnittelu<\/h2>\n<p>Ja sitten yksityiskohtiin: Mik\u00e4 on tilantarve, suoja-aidan kulkureitti ja korkeus? Kuinka laadit toteutussuunnitelman, tarjouspyynn\u00f6t ja melusuojauksen asiantuntijaraportin? Mitk\u00e4 kasvit sopivat parhaiten ja kuinka niit\u00e4 tulee hoitaa? Me teemme sinulle kaikki suunnitteluteht\u00e4v\u00e4t, tuemme sinua oman tietotaitomme avulla ja varmistamme, ett\u00e4 rakennuksen toteutus etenee kitkattomasti.<\/p>\n<h2>Aidan valmistus<\/h2>\n<p>Sinulla on vapaus valita: Haluaisitko, ett\u00e4 me rakennamme meluesteesi ja hoidamme sit\u00e4 kokonaispakettina? Vaihtoehtoisesti toimitamme sinulle vain rakennustarvikkeet. Valmistuksen toteuttaa silloin paikallinen yritys tai sin\u00e4 itse omalla panoksellasi. Kerro meille toiveesi ja mahdollisuutesi \u2013 ja me etsimme sinulle parhaan ratkaisun.<\/p>\n<\/div><\/div><\/div><\/div><\/div><div class=\"vc_col-sm-4 wpb_column vc_column_container\"><div class=\"vc_column-inner\"><div class=\"wpb_wrapper\">[vc_widget_sidebar sidebar_id=&#8221;us_widget_area_kontakt&#8221; el_class=&#8221;side_contact&#8221;]<\/div><\/div><\/div><\/div><\/div><\/div><\/div><\/div><\/div><\/section>\n","protected":false},"excerpt":{"rendered":"PalvelutNeuvonta Haluatko enemm\u00e4n \u00e4\u00e4nett\u00f6myytt\u00e4? Puhtautta? Tehokkuutta? Vihreytt\u00e4? RAUn ty\u00f6ntekij\u00e4t ja sopimussuhteiset insin\u00f6\u00f6rit kuuntelevat, katsastavat, analysoivat ja tarjoavat kattavaa ja p\u00e4tev\u00e4\u00e4 neuvontaa. He selvitt\u00e4v\u00e4t sinulle ratkaisut kaikkiin kysymyksiin omien vaatimustesi ja ymp\u00e4rist\u00f6n n\u00e4k\u00f6kulmasta. Yhdess\u00e4 RAUn kanssa l\u00e4hes kaikki on mahdollista melusuojauksen alueella. Tule vain meid\u00e4n luoksemme. Asiakaspalvelu Jotta p\u00e4\u00e4sisit v\u00e4hemm\u00e4ll\u00e4 hoidolla &#8211; ja vapautuisit huoltopalveluista, k\u00e4ytett\u00e4viss\u00e4si...","protected":false},"author":1,"featured_media":0,"parent":0,"menu_order":0,"comment_status":"closed","ping_status":"closed","template":"","meta":{"footnotes":""},"class_list":["post-722","page","type-page","status-publish","hentry"],"yoast_head":"<!-- This site is optimized with the Yoast SEO plugin v27.5 - https:\/\/yoast.com\/product\/yoast-seo-wordpress\/ -->\n<title>Palvelut | L\u00e4rmschutzwand und Schallschutzwand !<\/title>\n<meta name=\"description\" content=\"Palvelut | Entwicklung und Umsetzung von L\u00e4rmschutzwand und Schallschutzwandan Stra\u00dfen, Bahnstrecken und f\u00fcr St\u00e4dte und Industrie | rau.de\" \/>\n<meta name=\"robots\" content=\"index, follow, max-snippet:-1, max-image-preview:large, max-video-preview:-1\" \/>\n<link rel=\"canonical\" href=\"https:\/\/rau.de\/fi\/palvelut\/\" \/>\n<meta property=\"og:locale\" content=\"fi_FI\" \/>\n<meta property=\"og:type\" content=\"article\" \/>\n<meta property=\"og:title\" content=\"Palvelut | L\u00e4rmschutzwand und Schallschutzwand !\" \/>\n<meta property=\"og:description\" content=\"Palvelut | Entwicklung und Umsetzung von L\u00e4rmschutzwand und Schallschutzwandan Stra\u00dfen, Bahnstrecken und f\u00fcr St\u00e4dte und Industrie | rau.de\" \/>\n<meta property=\"og:url\" content=\"https:\/\/rau.de\/fi\/palvelut\/\" \/>\n<meta property=\"og:site_name\" content=\"Rau | L\u00e4rmschutzw\u00e4nde\" \/>\n<meta property=\"article:modified_time\" content=\"2020-06-02T10:29:01+00:00\" \/>\n<meta property=\"og:image\" content=\"https:\/\/rau.de\/wp-content\/uploads\/rau.de-begruente-laermschutzwand-2015-08-23-sonderteile-2.jpg\" \/>\n\t<meta property=\"og:image:width\" content=\"1920\" \/>\n\t<meta property=\"og:image:height\" content=\"1146\" \/>\n\t<meta property=\"og:image:type\" content=\"image\/jpeg\" \/>\n<meta name=\"twitter:card\" content=\"summary_large_image\" \/>\n<meta name=\"twitter:label1\" content=\"Arvioitu lukuaika\" \/>\n\t<meta name=\"twitter:data1\" content=\"1 minuutti\" \/>\n<script type=\"application\/ld+json\" class=\"yoast-schema-graph\">{\"@context\":\"https:\\\/\\\/schema.org\",\"@graph\":[{\"@type\":\"WebPage\",\"@id\":\"https:\\\/\\\/rau.de\\\/fi\\\/palvelut\\\/\",\"url\":\"https:\\\/\\\/rau.de\\\/fi\\\/palvelut\\\/\",\"name\":\"Palvelut | L\u00e4rmschutzwand und Schallschutzwand !\",\"isPartOf\":{\"@id\":\"https:\\\/\\\/rau.de\\\/fi\\\/#website\"},\"datePublished\":\"2019-08-01T17:14:24+00:00\",\"dateModified\":\"2020-06-02T10:29:01+00:00\",\"description\":\"Palvelut | Entwicklung und Umsetzung von L\u00e4rmschutzwand und Schallschutzwandan Stra\u00dfen, Bahnstrecken und f\u00fcr St\u00e4dte und Industrie | rau.de\",\"breadcrumb\":{\"@id\":\"https:\\\/\\\/rau.de\\\/fi\\\/palvelut\\\/#breadcrumb\"},\"inLanguage\":\"fi\",\"potentialAction\":[{\"@type\":\"ReadAction\",\"target\":[\"https:\\\/\\\/rau.de\\\/fi\\\/palvelut\\\/\"]}]},{\"@type\":\"BreadcrumbList\",\"@id\":\"https:\\\/\\\/rau.de\\\/fi\\\/palvelut\\\/#breadcrumb\",\"itemListElement\":[{\"@type\":\"ListItem\",\"position\":1,\"name\":\"Startseite\",\"item\":\"https:\\\/\\\/rau.de\\\/fi\\\/\"},{\"@type\":\"ListItem\",\"position\":2,\"name\":\"Palvelut\"}]},{\"@type\":\"WebSite\",\"@id\":\"https:\\\/\\\/rau.de\\\/fi\\\/#website\",\"url\":\"https:\\\/\\\/rau.de\\\/fi\\\/\",\"name\":\"Rau | L\u00e4rmschutzw\u00e4nde\",\"description\":\"Entwicklung und Umsetzung von L\u00e4rmschutzwand und Schallschutzwand\",\"publisher\":{\"@id\":\"https:\\\/\\\/rau.de\\\/fi\\\/#organization\"},\"potentialAction\":[{\"@type\":\"SearchAction\",\"target\":{\"@type\":\"EntryPoint\",\"urlTemplate\":\"https:\\\/\\\/rau.de\\\/fi\\\/?s={search_term_string}\"},\"query-input\":{\"@type\":\"PropertyValueSpecification\",\"valueRequired\":true,\"valueName\":\"search_term_string\"}}],\"inLanguage\":\"fi\"},{\"@type\":\"Organization\",\"@id\":\"https:\\\/\\\/rau.de\\\/fi\\\/#organization\",\"name\":\"RAU L\u00e4rmschutzw\u00e4nde \u2013 Geosystem GBK GmbH\",\"url\":\"https:\\\/\\\/rau.de\\\/fi\\\/\",\"logo\":{\"@type\":\"ImageObject\",\"inLanguage\":\"fi\",\"@id\":\"https:\\\/\\\/rau.de\\\/fi\\\/#\\\/schema\\\/logo\\\/image\\\/\",\"url\":\"https:\\\/\\\/rau.de\\\/wp-content\\\/uploads\\\/web_logo.png\",\"contentUrl\":\"https:\\\/\\\/rau.de\\\/wp-content\\\/uploads\\\/web_logo.png\",\"width\":249,\"height\":127,\"caption\":\"RAU L\u00e4rmschutzw\u00e4nde \u2013 Geosystem GBK GmbH\"},\"image\":{\"@id\":\"https:\\\/\\\/rau.de\\\/fi\\\/#\\\/schema\\\/logo\\\/image\\\/\"}}]}<\/script>\n<!-- \/ Yoast SEO plugin. -->","yoast_head_json":{"title":"Palvelut | L\u00e4rmschutzwand und Schallschutzwand !","description":"Palvelut | Entwicklung und Umsetzung von L\u00e4rmschutzwand und Schallschutzwandan Stra\u00dfen, Bahnstrecken und f\u00fcr St\u00e4dte und Industrie | rau.de","robots":{"index":"index","follow":"follow","max-snippet":"max-snippet:-1","max-image-preview":"max-image-preview:large","max-video-preview":"max-video-preview:-1"},"canonical":"https:\/\/rau.de\/fi\/palvelut\/","og_locale":"fi_FI","og_type":"article","og_title":"Palvelut | L\u00e4rmschutzwand und Schallschutzwand !","og_description":"Palvelut | Entwicklung und Umsetzung von L\u00e4rmschutzwand und Schallschutzwandan Stra\u00dfen, Bahnstrecken und f\u00fcr St\u00e4dte und Industrie | rau.de","og_url":"https:\/\/rau.de\/fi\/palvelut\/","og_site_name":"Rau | L\u00e4rmschutzw\u00e4nde","article_modified_time":"2020-06-02T10:29:01+00:00","og_image":[{"width":1920,"height":1146,"url":"https:\/\/rau.de\/wp-content\/uploads\/rau.de-begruente-laermschutzwand-2015-08-23-sonderteile-2.jpg","type":"image\/jpeg"}],"twitter_card":"summary_large_image","twitter_misc":{"Arvioitu lukuaika":"1 minuutti"},"schema":{"@context":"https:\/\/schema.org","@graph":[{"@type":"WebPage","@id":"https:\/\/rau.de\/fi\/palvelut\/","url":"https:\/\/rau.de\/fi\/palvelut\/","name":"Palvelut | L\u00e4rmschutzwand und Schallschutzwand !","isPartOf":{"@id":"https:\/\/rau.de\/fi\/#website"},"datePublished":"2019-08-01T17:14:24+00:00","dateModified":"2020-06-02T10:29:01+00:00","description":"Palvelut | Entwicklung und Umsetzung von L\u00e4rmschutzwand und Schallschutzwandan Stra\u00dfen, Bahnstrecken und f\u00fcr St\u00e4dte und Industrie | rau.de","breadcrumb":{"@id":"https:\/\/rau.de\/fi\/palvelut\/#breadcrumb"},"inLanguage":"fi","potentialAction":[{"@type":"ReadAction","target":["https:\/\/rau.de\/fi\/palvelut\/"]}]},{"@type":"BreadcrumbList","@id":"https:\/\/rau.de\/fi\/palvelut\/#breadcrumb","itemListElement":[{"@type":"ListItem","position":1,"name":"Startseite","item":"https:\/\/rau.de\/fi\/"},{"@type":"ListItem","position":2,"name":"Palvelut"}]},{"@type":"WebSite","@id":"https:\/\/rau.de\/fi\/#website","url":"https:\/\/rau.de\/fi\/","name":"Rau | L\u00e4rmschutzw\u00e4nde","description":"Entwicklung und Umsetzung von L\u00e4rmschutzwand und Schallschutzwand","publisher":{"@id":"https:\/\/rau.de\/fi\/#organization"},"potentialAction":[{"@type":"SearchAction","target":{"@type":"EntryPoint","urlTemplate":"https:\/\/rau.de\/fi\/?s={search_term_string}"},"query-input":{"@type":"PropertyValueSpecification","valueRequired":true,"valueName":"search_term_string"}}],"inLanguage":"fi"},{"@type":"Organization","@id":"https:\/\/rau.de\/fi\/#organization","name":"RAU L\u00e4rmschutzw\u00e4nde \u2013 Geosystem GBK GmbH","url":"https:\/\/rau.de\/fi\/","logo":{"@type":"ImageObject","inLanguage":"fi","@id":"https:\/\/rau.de\/fi\/#\/schema\/logo\/image\/","url":"https:\/\/rau.de\/wp-content\/uploads\/web_logo.png","contentUrl":"https:\/\/rau.de\/wp-content\/uploads\/web_logo.png","width":249,"height":127,"caption":"RAU L\u00e4rmschutzw\u00e4nde \u2013 Geosystem GBK GmbH"},"image":{"@id":"https:\/\/rau.de\/fi\/#\/schema\/logo\/image\/"}}]}},"_links":{"self":[{"href":"https:\/\/rau.de\/fi\/wp-json\/wp\/v2\/pages\/722","targetHints":{"allow":["GET"]}}],"collection":[{"href":"https:\/\/rau.de\/fi\/wp-json\/wp\/v2\/pages"}],"about":[{"href":"https:\/\/rau.de\/fi\/wp-json\/wp\/v2\/types\/page"}],"author":[{"embeddable":true,"href":"https:\/\/rau.de\/fi\/wp-json\/wp\/v2\/users\/1"}],"replies":[{"embeddable":true,"href":"https:\/\/rau.de\/fi\/wp-json\/wp\/v2\/comments?post=722"}],"version-history":[{"count":3,"href":"https:\/\/rau.de\/fi\/wp-json\/wp\/v2\/pages\/722\/revisions"}],"predecessor-version":[{"id":5611,"href":"https:\/\/rau.de\/fi\/wp-json\/wp\/v2\/pages\/722\/revisions\/5611"}],"wp:attachment":[{"href":"https:\/\/rau.de\/fi\/wp-json\/wp\/v2\/media?parent=722"}],"curies":[{"name":"wp","href":"https:\/\/api.w.org\/{rel}","templated":true}]}}

<section class="l-section wpb_row height_medium full_height valign_center with_img" id="kontakt"><div class="l-section-img" role="img" data-img-width="2000" data-img-height="1122" style="background-image: url(https://rau.de/wp-content/uploads/bg.jpg);"></div><div class="l-section-h i-cf"><div class="g-cols vc_row via_flex valign_top type_default stacking_default"><div class="vc_col-sm-12 wpb_column vc_column_container"><div class="vc_column-inner"><div class="wpb_wrapper"><div class="g-cols wpb_row content_top via_flex valign_top type_default stacking_default"><div class="vc_col-sm-12 wpb_column vc_column_container"><div class="vc_column-inner"><div class="wpb_wrapper"><h1 class="w-post-elm post_title entry-title color_link_inherit">Palvelut</h1></div></div></div></div><div class="g-cols wpb_row us_custom_4fb9e5a3 content_text via_flex valign_top type_default stacking_default"><div class="vc_col-sm-8 wpb_column vc_column_container"><div class="vc_column-inner"><div class="wpb_wrapper"><div class="wpb_text_column mb-30"><div class="wpb_wrapper"><h2>Neuvonta</h2>
<p>Haluatko enemmän äänettömyyttä? Puhtautta? Tehokkuutta? Vihreyttä? RAUn työntekijät ja sopimussuhteiset insinöörit kuuntelevat, katsastavat, analysoivat ja tarjoavat kattavaa ja pätevää neuvontaa. He selvittävät sinulle ratkaisut kaikkiin kysymyksiin omien vaatimustesi ja ympäristön näkökulmasta. Yhdessä RAUn kanssa lähes kaikki on mahdollista melusuojauksen alueella. Tule vain meidän luoksemme.</p>
<h2>Asiakaspalvelu</h2>
<p>Jotta pääsisit vähemmällä hoidolla &#8211; ja vapautuisit huoltopalveluista, käytettävissäsi on yksi tai useampi alueellasi palveleva huoltotiimi.</p>
<h2>Suunnittelu</h2>
<p>Ja sitten yksityiskohtiin: Mikä on tilantarve, suoja-aidan kulkureitti ja korkeus? Kuinka laadit toteutussuunnitelman, tarjouspyynnöt ja melusuojauksen asiantuntijaraportin? Mitkä kasvit sopivat parhaiten ja kuinka niitä tulee hoitaa? Me teemme sinulle kaikki suunnittelutehtävät, tuemme sinua oman tietotaitomme avulla ja varmistamme, että rakennuksen toteutus etenee kitkattomasti.</p>
<h2>Aidan valmistus</h2>
<p>Sinulla on vapaus valita: Haluaisitko, että me rakennamme meluesteesi ja hoidamme sitä kokonaispakettina? Vaihtoehtoisesti toimitamme sinulle vain rakennustarvikkeet. Valmistuksen toteuttaa silloin paikallinen yritys tai sinä itse omalla panoksellasi. Kerro meille toiveesi ja mahdollisuutesi – ja me etsimme sinulle parhaan ratkaisun.</p>
</div></div></div></div></div><div class="vc_col-sm-4 wpb_column vc_column_container"><div class="vc_column-inner"><div class="wpb_wrapper">[vc_widget_sidebar sidebar_id=&#8221;us_widget_area_kontakt&#8221; el_class=&#8221;side_contact&#8221;]</div></div></div></div></div></div></div></div></div></section>

PalvelutNeuvonta Haluatko enemmän äänettömyyttä? Puhtautta? Tehokkuutta? Vihreyttä? RAUn työntekijät ja sopimussuhteiset insinöörit kuuntelevat, katsastavat, analysoivat ja tarjoavat kattavaa ja pätevää neuvontaa. He selvittävät sinulle ratkaisut kaikkiin kysymyksiin omien vaatimustesi ja ympäristön näkökulmasta. Yhdessä RAUn kanssa lähes kaikki on mahdollista melusuojauksen alueella. Tule vain meidän luoksemme. Asiakaspalvelu Jotta pääsisit vähemmällä hoidolla &#8211; ja vapautuisit huoltopalveluista, käytettävissäsi...

<!-- This site is optimized with the Yoast SEO plugin v27.5 - https://yoast.com/product/yoast-seo-wordpress/ -->
<title>Palvelut | Lärmschutzwand und Schallschutzwand !</title>
<meta name="description" content="Palvelut | Entwicklung und Umsetzung von Lärmschutzwand und Schallschutzwandan Straßen, Bahnstrecken und für Städte und Industrie | rau.de" />
<meta name="robots" content="index, follow, max-snippet:-1, max-image-preview:large, max-video-preview:-1" />
<link rel="canonical" href="https://rau.de/fi/palvelut/" />
<meta property="og:locale" content="fi_FI" />
<meta property="og:type" content="article" />
<meta property="og:title" content="Palvelut | Lärmschutzwand und Schallschutzwand !" />
<meta property="og:description" content="Palvelut | Entwicklung und Umsetzung von Lärmschutzwand und Schallschutzwandan Straßen, Bahnstrecken und für Städte und Industrie | rau.de" />
<meta property="og:url" content="https://rau.de/fi/palvelut/" />
<meta property="og:site_name" content="Rau | Lärmschutzwände" />
<meta property="article:modified_time" content="2020-06-02T10:29:01+00:00" />
<meta property="og:image" content="https://rau.de/wp-content/uploads/rau.de-begruente-laermschutzwand-2015-08-23-sonderteile-2.jpg" />
	<meta property="og:image:width" content="1920" />
	<meta property="og:image:height" content="1146" />
	<meta property="og:image:type" content="image/jpeg" />
<meta name="twitter:card" content="summary_large_image" />
<meta name="twitter:label1" content="Arvioitu lukuaika" />
	<meta name="twitter:data1" content="1 minuutti" />
<script type="application/ld+json" class="yoast-schema-graph">{"@context":"https:\/\/schema.org","@graph":[{"@type":"WebPage","@id":"https:\/\/rau.de\/fi\/palvelut\/","url":"https:\/\/rau.de\/fi\/palvelut\/","name":"Palvelut | Lärmschutzwand und Schallschutzwand !","isPartOf":{"@id":"https:\/\/rau.de\/fi\/#website"},"datePublished":"2019-08-01T17:14:24+00:00","dateModified":"2020-06-02T10:29:01+00:00","description":"Palvelut | Entwicklung und Umsetzung von Lärmschutzwand und Schallschutzwandan Straßen, Bahnstrecken und für Städte und Industrie | rau.de","breadcrumb":{"@id":"https:\/\/rau.de\/fi\/palvelut\/#breadcrumb"},"inLanguage":"fi","potentialAction":[{"@type":"ReadAction","target":["https:\/\/rau.de\/fi\/palvelut\/"]}]},{"@type":"BreadcrumbList","@id":"https:\/\/rau.de\/fi\/palvelut\/#breadcrumb","itemListElement":[{"@type":"ListItem","position":1,"name":"Startseite","item":"https:\/\/rau.de\/fi\/"},{"@type":"ListItem","position":2,"name":"Palvelut"}]},{"@type":"WebSite","@id":"https:\/\/rau.de\/fi\/#website","url":"https:\/\/rau.de\/fi\/","name":"Rau | Lärmschutzwände","description":"Entwicklung und Umsetzung von Lärmschutzwand und Schallschutzwand","publisher":{"@id":"https:\/\/rau.de\/fi\/#organization"},"potentialAction":[{"@type":"SearchAction","target":{"@type":"EntryPoint","urlTemplate":"https:\/\/rau.de\/fi\/?s={search_term_string}"},"query-input":{"@type":"PropertyValueSpecification","valueRequired":true,"valueName":"search_term_string"}}],"inLanguage":"fi"},{"@type":"Organization","@id":"https:\/\/rau.de\/fi\/#organization","name":"RAU Lärmschutzwände – Geosystem GBK GmbH","url":"https:\/\/rau.de\/fi\/","logo":{"@type":"ImageObject","inLanguage":"fi","@id":"https:\/\/rau.de\/fi\/#\/schema\/logo\/image\/","url":"https:\/\/rau.de\/wp-content\/uploads\/web_logo.png","contentUrl":"https:\/\/rau.de\/wp-content\/uploads\/web_logo.png","width":249,"height":127,"caption":"RAU Lärmschutzwände – Geosystem GBK GmbH"},"image":{"@id":"https:\/\/rau.de\/fi\/#\/schema\/logo\/image\/"}}]}</script>
<!-- / Yoast SEO plugin. -->

Palvelut | Lärmschutzwand und Schallschutzwand !

Palvelut | Entwicklung und Umsetzung von Lärmschutzwand und Schallschutzwandan Straßen, Bahnstrecken und für Städte und Industrie | rau.de

Rau | Lärmschutzwände

Entwicklung und Umsetzung von Lärmschutzwand und Schallschutzwand

RAU Lärmschutzwände – Geosystem GBK GmbH
